 h?
102
Let r(y) = -4*y**2 - 208*y + 280. Let x be r(-53). What is the highest common factor of x and 1139?
17
Suppose -2*f - f - 252 = 0. Let d be 13*(-11)/(-429)*-189. Let p = d - f. Calculate the greatest common factor of p and 3.
3
Suppose 0 = 26*w - 0*w - 78. What is the greatest common divisor of 68 and w?
1
Let k(w) = 30*w - 3. Let x(v) = -v**2 + 8*v + 43. Let u be x(11). Let o be k(u). Calculate the greatest common factor of 27 and o.
27
Let i = -175 - -183. Suppose 0 = -i*w + 10*w + 8, r = 5*w + 56. What is the greatest common divisor of r and 27?
9
Let r be 0 + 31 + -6 + 17. Calculate the greatest common divisor of r and 21.
21
Let v = -728 - -730. Suppose v*m - 22*m = -14620. What is the highest common divisor of m and 17?
17
Let d = 24069 + -23952. What is the highest common divisor of d and 26?
13
Suppose 2*c + 4*p - 708 - 166 = 0, 0 = 3*c - 4*p - 1351. What is the highest common factor of 45 and c?
5
Suppose -3*i + 5*k + 16 = 0, 4*k = -i - 0*k - 6. Suppose 0*c + 4*u = -i*c + 198, 0 = -5*c - 2*u + 463. What is the greatest common factor of c and 39?
13
Suppose -43 + 48 = -5*n, -5*n + 178 = 3*y. Suppose 3*c + y*x - 454 = 62*x, 0 = 4*c - 4*x - 600. Calculate the highest common divisor of c and 8.
8
Let k = 2085 + -2053. Suppose -3*w - a = 2*w - 10, -2 = -w + 5*a. What is the highest common factor of w and k?
2
Let c = 16008 - 15663. What is the greatest common factor of c and 8165?
115
Let t = -4259 - -4319. What is the greatest common divisor of t and 2850?
30
Let f = -5175 + 8172. Calculate the highest common divisor of f and 222.
111
Suppose -3*c + 3*p = -54, -2*p = c - 0*p - 27. Let o be (-603)/(-27) - (-12)/(-9). What is the greatest common divisor of o and c?
21
Let f = 8556 - 5876. Calculate the highest common factor of 80 and f.
40
Let r(v) = -4*v + 21. Let h be r(4). Suppose -h*b = b - 3036. Suppose 304 + b = 9*o. What is the highest common divisor of 60 and o?
30
Let f = -297 + 423. Suppose 5*x - 2*x + 180 = 5*r, -2*x = -3*r + 108. What is the highest common factor of r and f?
18
Let d = -57 + 61. Let l(m) = 10*m - 11 - d - 7. Let y be l(4). What is the highest common divisor of y and 2?
2
Let h(l) = -l**3 + 21*l**2 - 72*l - 98. Let n be h(-12). Calculate the highest common divisor of 62 and n.
62
Let u = 3732 - 3333. Calculate the greatest common divisor of 651 and u.
21
Suppose 0 = -4549*z + 4516*z + 957. What is the highest common divisor of 42 and z?
1
Let c(u) = -2*u**2 - 13*u - 5. Let v be c(-5). Suppose -v = -4*b + 18. Let d(x) = 28*x. Let h be d(2). Calculate the greatest common divisor of h and b.
7
Let m(p) = p**2 + 12*p - 44. Let h be m(-18). Let v be 162/(-4)*h/(-48). Suppose -v*r = -53*r - 7. What is the highest common divisor of r and 105?
7
Let y = 2021 - 1739. What is the highest common factor of 1504 and y?
94
Suppose -11*f + 1563 = -208. Let h = 889 + -843. What is the highest common divisor of f and h?
23
Suppose 25 = v - 3*c - 43, 0 = 2*v + c - 136. Let h = 81 - v. Suppose -19 = -3*y + 20. Calculate the highest common factor of h and y.
13
Suppose 26*g = 8631 + 6813. Suppose 51*a + g = 69*a. Calculate the greatest common divisor of a and 22.
11
Let v = 8 + -41. Let a be (4/(-2) - v) + 4. Let k be (15/4)/((-12)/(-224)). What is the highest common factor of a and k?
35
Let o = -1907 - -2217. What is the greatest common divisor of 40 and o?
10
Let r be (324 - -3)/(171/18 + -9). What is the greatest common factor of 24 and r?
6
Let g = 16 - 8. Suppose -4 = z + 2*s + s, 0 = -z + 4*s + 17. Suppose -z*u = -4*r - r + 305, -5*r + 4*u + 308 = 0. What is the highest common divisor of r and g?
8
Let f(p) = 2*p**2 + 10*p + 44. Let n be f(17). Suppose 6*r = -16*r + n. What is the highest common divisor of 8 and r?
4
Let z(n) = -8*n. Let p be z(-1). Let g(y) = 8*y**2 - 96*y + 266. Let m be g(9). What is the greatest common factor of p and m?
2
Suppose 5*t - 64 = -3*r, 100*r - 98*r = -t + 17. What is the highest common factor of t and 46?
1
Let n(y) = 24*y**3 - 81*y**2 + 14*y - 16. Let i be n(7). What is the greatest common factor of 1027 and i?
79
Suppose 4*c - 35 = 39*j - 36*j, -3*c + 26 = -2*j. Let b be 36*c + 16 + -9. What is the greatest common factor of 59 and b?
59
Suppose 19 = 14*k - 11 + 2. Calculate the greatest common divisor of 159 and k.
1
Let y(f) = 258*f + 4284. Let w be y(-15). What is the highest common factor of w and 8832?
138
Let g(z) = -4*z + 42. Let s be g(10). Let m(c) = -c + 0*c**2 + 1 - 3 + c**s - 2. Let q be m(-6). What is the greatest common divisor of q and 19?
19
Let d(a) = a**3 - a**2 - 67*a + 149. Let s be d(2). Calculate the highest common factor of s and 32471.
19
Let f = -8 + 14. Let p = -146 - -296. Suppose 19*x - 492 = -p. What is the greatest common factor of x and f?
6
Let l(q) = q + 29. Suppose 165 = -31*j - 83. Let n be l(j). What is the highest common factor of n and 399?
21
Suppose 7*w = -3*w + 10080. Suppose 1846 = 37*d + 3*d + 406. What is the highest common divisor of d and w?
36
Let q(z) = -9*z**3 - 5*z**2 - 4*z - 4. Let d be -3 + (-2)/(-6)*-3*-1. Let l be q(d). What is the greatest common divisor of 70 and l?
14
Suppose -4*c = -j - 293, -149*c = -152*c + 2*j + 226. Let h be (-2*(-5)/(-2))/(-1). Suppose -h*r + c = -r. What is the greatest common divisor of 54 and r?
18
Suppose 0 = -47*f + 8888 + 2295 - 1454. What is the highest common factor of 441 and f?
9
Let u(a) = -4*a**3 + 83*a**2 + 20*a + 35. Let y be u(21). Suppose -5*k - 2*q + 588 = 30, -3*k + 2*q + 338 = 0. What is the highest common factor of k and y?
14
Let x(z) = 6*z - 8. Let o be x(2). Suppose 4*n + 7*v = o*v + 160, 3*v = n - 40. Calculate the highest common factor of n and 15.
5
Suppose 0 = -3*f + o + 1440, -3*f - 15*o + 1449 = -13*o. What is the highest common divisor of f and 65?
13
Let i(h) = 19*h + 2. Let k be i(3). Let b = 121 - k. Suppose 0 = -63*o + b*o + 110. What is the highest common divisor of 10 and o?
10
Let s = 788 + -785. Suppose -2*u + 5 = 1. Suppose y - u = b, -5*y + 3 = -b + s*b. Calculate the highest common divisor of 4 and y.
1
Let y be 3 + 5/6 + 2/12. Suppose r + 115 = 5*i, i - 2*r = -y*r + 23. Calculate the greatest common factor of i and 46.
23
Let h(q) = -q**2 - 11*q - 5. Let c be h(-5). Let l(z) = 39*z**3 + 2*z**2 + 2*z - 3. Let j be l(1). Calculate the highest common divisor of c and j.
5
Suppose 4*w + 11 = 5*w - 3*c, 2*c + 5 = 3*w. Let i be -1*(-34 + (w - 0)). Suppose -7490 + 1505 = -19*v. What is the greatest common divisor of v and i?
35
Suppose 3*q + 4*o - 76 - 175 = 0, 0 = -4*q + 2*o + 320. Let r(h) = 124*h - 13586. Let f be r(110). Calculate the greatest common factor of q and f.
27
Suppose -12*h - 329 = -5*h. Let k = h + 49. Suppose k*c = -58 + 60. Calculate the greatest common factor of c and 10.
1
Let c(i) = i**3 + 8*i**2 + 9*i - 10. Let l be c(-6). Let j be 1410/l - 55/44. Calculate the highest common factor of j and 50.
25
Let l = -4166 - -4235. What is the greatest common divisor of l and 12?
3
Let u be ((-88)/10)/(58/(-4785)). Let x = 1067 - u. Let s(n) = -7*n + 3. Let p be s(-4). What is the greatest common divisor of p and x?
31
Suppose 6*g + 65 = 77. Let y be 52/g - (2 - 20/(-5)). What is the highest common divisor of y and 340?
20
Let w be ((-14)/8)/((-2)/(-8)). Let n be (-96)/72 - w/3. Suppose 2*r = -2*f + 14, 2*f - 4*r = 7 + n. Calculate the greatest common factor of 6 and f.
6
Suppose 8*y = 38*y - 25530. Let t = -690 + y. Calculate the greatest common factor of t and 28.
7
Let m(x) = -5*x + 2. Let w be m(-5). Let c be (4 - (32 - 24))*(-54)/3. Calculate the highest common factor of w and c.
9
Let w(c) = -8*c + 78. Let y be w(9). Let x be (900/54)/(1 - 0)*y. What is the highest common divisor of 40 and x?
20
Suppose -m + 248 = 243. Suppose 4*t - m*l = 2202 - 284, -2*t - 3*l = -948. What is the highest common factor of t and 9?
9
Suppose -4*v + 13*v = 1071. Calculate the highest common divisor of 931 and v.
7
Suppose -123*h + 12240 = 47*h. Calculate the greatest common divisor of h and 3000.
24
Let f = -821 - -826. Suppose -v + 53 = 4*t, 164 = f*v - t - 17. What is the highest common factor of v and 111?
37
Suppose 55*c - 54*c = -3*g + 5, 3*c - 3 = -3*g. What is the greatest common divisor of g and 1874?
2
Suppose 150 + 48 = 9*r. Suppose r*a - 77 = 99. Calculate 